hat is the units digit of 142914?
4
What is the units digit of 5432?
2
What is the thousands digit of 5052?
5
What is the thousands digit of 1205?
1
What is the tens digit of 59224?
2
What is the tens digit of 53109?
0
What is the hundreds digit of 181?
1
What is the units digit of 10?
0
What is the thousands digit of 51276?
1
What is the units digit of 24439?
9
What is the tens digit of 19855?
5
What is the thousands digit of 28751?
8
What is the tens digit of 1018?
1
What is the units digit of 444?
4
What is the units digit of 1888?
8
What is the units digit of 166667?
7
What is the ten thousands digit of 18019?
1
What is the tens digit of 93851?
5
What is the units digit of 9482?
2
What is the units digit of 1607?
7
What is the hundreds digit of 3613?
6
What is the thousands digit of 6301?
6
What is the units digit of 219?
9
What is the units digit of 5703?
3
What is the units digit of 10106?
6
What is the thousands digit of 21054?
1
What is the hundreds digit of 5124?
1
What is the thousands digit of 18284?
8
What is the tens digit of 8731?
3
What is the hundreds digit of 3388?
3
What is the thousands digit of 25427?
5
What is the thousands digit of 94914?
4
What is the hundreds digit of 15499?
4
What is the units digit of 2335?
5
What is the hundreds digit of 40345?
3
What is the units digit of 49446?
6
What is the ten thousands digit of 11953?
1
What is the thousands digit of 3944?
3
What is the thousands digit of 8737?
8
What is the tens digit of 2290?
9
What is the hundreds digit of 4031?
0
What is the thousands digit of 2370?
2
What is the hundreds digit of 7491?
4
What is the tens digit of 2580?
8
What is the thousands digit of 3481?
3
What is the thousands digit of 3030?
3
What is the tens digit of 803?
0
What is the hundreds digit of 643?
6
What is the thousands digit of 1091?
1
What is the thousands digit of 7235?
7
What is the hundreds digit of 5712?
7
What is the units digit of 40611?
1
What is the units digit of 39?
9
What is the tens digit of 28298?
9
What is the hundreds digit of 58579?
5
What is the units digit of 1224?
4
What is the hundreds digit of 466?
4
What is the tens digit of 1727?
2
What is the units digit of 3542?
2
What is the hundreds digit of 831?
8
What is the hundreds digit of 2783?
7
What is the thousands digit of 6128?
6
What is the hundreds digit of 192?
1
What is the thousands digit of 2542?
2
What is the tens digit of 735?
3
What is the hundreds digit of 23651?
6
What is the tens digit of 29964?
6
What is the thousands digit of 1011?
1
What is the hundreds digit of 10105?
1
What is the units digit of 43247?
7
What is the units digit of 1509?
9
What is the hundreds digit of 409?
4
What is the tens digit of 20434?
3
What is the thousands digit of 11078?
1
What is the ten thousands digit of 47712?
4
What is the thousands digit of 8709?
8
What is the hundreds digit of 1559?
5
What is the hundreds digit of 808?
8
What is the units digit of 1612?
2
What is the tens digit of 27388?
8
What is the hundreds digit of 25608?
6
What is the units digit of 40624?
4
What is the tens digit of 25818?
1
What is the hundreds digit of 1087?
0
What is the ten thousands digit of 18592?
1
What is the tens digit of 1954?
5
What is the tens digit of 965?
6
What is the hundreds digit of 10626?
6
What is the hundreds digit of 5589?
5
What is the units digit of 2319?
9
What is the tens digit of 12429?
2
What is the thousands digit of 1588?
1
What is the hundreds digit of 8190?
1
What is the tens digit of 677?
7
What is the units digit of 122441?
1
What is the ten thousands digit of 28936?
2
What is the hundreds digit of 4216?
2
What is the hundreds digit of 1075?
0
What is the ten thousands digit of 12239?
1
What is the hundreds digit of 1143?
1
What is the tens digit of 12142?
4
What is the units digit of 13878?
8
What is the tens digit of 3954?
5
What is the thousands digit of 2172?
2
What is the thousands digit of 2030?
2
What is the units digit of 4891?
1
What is the hundreds digit of 7097?
0
What is the hundreds digit of 2645?
6
What is the hundreds digit of 3604?
6
What is the hundreds digit of 198?
1
What is the thousands digit of 50073?
0
What is the units digit of 2696?
6
What is the ten thousands digit of 25056?
2
What is the units digit of 7083?
3
What is the units digit of 969?
9
What is the hundreds digit of 6297?
2
What is the thousands digit of 128712?
8
What is the ten thousands digit of 14748?
1
What is the hundreds digit of 139285?
2
What is the tens digit of 1496?
9
What is the units digit of 40448?
8
What is the tens digit of 2420?
2
What is the units digit of 2648?
8
What is the hundreds digit of 854?
8
What is the hundreds digit of 5765?
7
What is the thousands digit of 1214?
1
What is the hundreds digit of 273?
2
What is the thousands digit of 8538?
8
What is the thousands digit of 75353?
5
What is the hundreds digit of 10104?
1
What is the thousands digit of 3703?
3
What is the hundreds digit of 45190?
1
What is the thousands digit of 4679?
4
What is the hundreds digit of 5332?
3
What is the hundreds digit of 59909?
9
What is the tens digit of 923?
2
What is the units digit of 3406?
6
What is the hundreds digit of 12186?
1
What is the units digit of 758?
8
What is the units digit of 10672?
2
What is the hundreds digit of 1055?
0
What is the tens digit of 1420?
2
What is the thousands digit of 9031?
9
What is the tens digit of 55081?
8
What is the tens digit of 9417?
1
What is the thousands digit of 24309?
4
What is the units digit of 23698?
8
What is the units digit of 17745?
5
What is the units digit of 935?
5
What is the units digit of 1184?
4
What is the tens digit of 703?
0
What is the tens digit of 331?
3
What is the ten thousands digit of 45827?
4
What is the units digit of 2438?
8
What is the hundreds digit of 557?
5
What is the hundreds digit of 2027?
0
What is the thousands digit of 111647?
1
What is the units digit of 15336?
6
What is the ten thousands digit of 50374?
5
What is the units digit of 19961?
1
What is the units digit of 942?
2
What is the thousands digit of 47399?
7
What is the ten thousands digit of 44744?
4
What is the units digit of 307?
7
What is the tens digit of 1986?
8
What is the units digit of 1544?
4
What is the tens digit of 6192?
9
What is the hundreds digit of 18139?
1
What is the units digit of 10833?
3
What is the ten thousands digit of 34571?
3
What is the units digit of 144720?
0
What is the tens digit of 88?
8
What is the hundreds digit of 8894?
8
What is the units digit of 548?
8
What is the hundreds digit of 37308?
3
What is the units digit of 29185?
5
What is the thousands digit of 1127?
1
What is the units digit of 626?
6
What is the hundreds digit of 578?
5
What is the tens digit of 344?
4
What is the units digit of 3777?
7
What is the tens digit of 164?
6
What is the tens digit of 13114?
1
What is the ten thousands digit of 30936?
3
What is the tens digit of 30869?
6
What is the hundreds digit of 429?
4
What is the units digit of 666?
6
What is the thousands digit of 2502?
2
What is the tens digit of 27342?
4
What is the tens digit of 951?
5
What is the ten thousands digit of 14393?
1
What is the tens digit of 27144?
4
What is the units digit of 25975?
5
What is the units digit of 171334?
4
What is the units digit of 831?
1
What is the ten thousands digit of 58275?
5
What is the hundreds digit of 501?
5
What is the tens digit of 23257?
5
What is the tens digit of 4024?
2
What is the tens digit of 5244?
4
What is the hundreds digit of 7091?
0
What is the units digit of 3569?
9
What is the tens digit of 40729?
2
What is the ten thousands digit of 21363?
2
What is the tens digit of 1730?
3
What is the units digit of 13082?
2
What is the units digit of 51818?
8
What is the tens digit of 1303?
0
What is the thousands digit of 3714?
3
What is the tens digit of 547?
4
What is the thousands digit of 1806?
1
What is the hundreds digit of 2681?
6
What is the ten thousands digit of 10387?
1
What is the units digit of 1643?
3
What is the hundreds digit of 876?
8
What is the units digit of 1813?
3
What is the ten thousands digit of 27147?
2
What is the hundreds digit of 438?
4
What is the thousands digit of 17192?
7
What is the hundreds digit of 121215?
2
What is the hundr